{"id":479,"date":"2020-08-18T17:49:31","date_gmt":"2020-08-18T17:49:31","guid":{"rendered":"https:\/\/xn--allguer-alpenhonig-propolis-ekc.com\/?post_type=product&#038;p=479"},"modified":"2025-07-08T14:17:25","modified_gmt":"2025-07-08T14:17:25","slug":"propoliskuegelchen","status":"publish","type":"product","link":"https:\/\/xn--allguer-alpenhonig-propolis-ekc.com\/?product=propoliskuegelchen","title":{"rendered":"Propolisk\u00fcgelchen"},"content":{"rendered":"<p>Propolisk\u00fcgelchen<\/p>\n","protected":false},"excerpt":{"rendered":"<p>\u2764\ufe0fANGEBOT BESTEHT AUS :<\/p>\n<p><b>10ml Fl\u00e4schchen mit Dosierverschluss unarzneiliche neutrale Globolis mit 99% reinstem Hochalpen Propolis ohne Binde und Haftmittel , in mehreren G\u00e4ngen beschichtete und getr\u00e4nkt ,<\/b><\/p>\n<p>Diese\u00a0<b>Propolis<\/b>\u00a0K\u00fcgelchen schmecken GARANTIERT lecker und werden sehr gerne von Kinder wie auch Erwachsenen angenommen, k\u00f6nnen nicht \u00fcberdosiert werden , vorbeugend nimmt man 1-10 K\u00fcgelchen ein .<\/p>\n<p>auf Wunden aller Art 1-3 K\u00fcgelchen mit einem Pflaster fixieren , bewirkt eine rasche Wundheilung.<\/p>\n<p>Sehr gut geeignet auch f\u00fcr Tiere , \u00dcberdosierung nicht m\u00f6glich , erfahrungsgem\u00e4\u00df sehr schnelle und sehr gute und vorbeugende Wirkung.<\/p>\n<p>\u2764\ufe0f<b>Vorsicht da diese Propolis Perlen sehr begehrt sind , wirbt schon wieder der erste Trittbrettfahrer , genau mit meiner \u00dcberschrift, zuz\u00fcglich mit meinen Rezessionen und verkauft leider nur Zuckerk\u00fcgelchen .<\/b><\/p>\n<p>&nbsp;<\/p>\n<p>\u2764\ufe0f\u2764\ufe0f\u2764\ufe0f\u2764\ufe0f\u2764\ufe0f\u2764\ufe0f\u2764\ufe0f\u2764\ufe0f\u2764\ufe0f\u2764\ufe0f<\/p>\n<p>Lieber Kunde<\/p>\n<p>Der zeitliche Aufwand und ehrliche Umgang mit den Bienen , ist eigentlich unbezahlbar ,wenn man es als Hobby betreibt .<\/p>\n<p>Deshalb ist f\u00fcr mich eine sch\u00f6ne und ehrliche BEWERTUNG und REZESSION der wirkliche Lohn .<\/p>\n<p>Leider haben viele haben Angst , wenn Sie eine Bewertung abgeben , das sie nichts mehr bekommen da die Nachfrage gr\u00f6\u00dfer werden k\u00f6nnte , weil alle lesen das dass Propolis oder der Honig gut ist .<\/p>\n<p>Auch Sie sind dankbar wenn Sie auf ein ehrliches und wirksames Produkt in dem Angebots Dschungel finden<\/p>\n<p>Bisher haben alle etwas bekommen und es spornt mich eher immer zu mehr an , weil man sp\u00fcrt die Arbeit wird belohnt und gesch\u00e4tzt, in einer Zeit wo mit Propolis und Honig so viel Schwindel passiert.<\/p>\n<p>Deshalb schreibe ich AUGEN auf beim PROPOLIS und HONIGKAUF !<\/p>\n<p>\u2764\ufe0f\u2764\ufe0f\u2764\ufe0f\u2764\ufe0f\u2764\ufe0f\u2764\ufe0f\u2764\ufe0f\u2764\ufe0f\u2764\ufe0f\u2764\ufe0f<\/p>\n<p>&nbsp;<\/p>\n<p>Ich habe das Gl\u00fcck das mein Sohn Chemie studiert und gerade bei Professor Hans Rausch in Neu Ulm seine Bacholorarbeit absolviert, hier hat er die M\u00f6glichkeit mit Referenzsubstanzen mein Alpenpropolis im Vergleich zu H\u00e4ndler Propolis der Spitzenklasse. zu analysieren, teilweise mit erschreckenden Ergebnissen , ich m\u00f6chte vorerst noch nicht viel verraten.<\/p>\n<p>Interessant ist schon mal der wenig nachweisbare Inhalt von CAPE (caffeic acid phenethyl ester) und von Zus\u00e4tzen die nichts im Propolis verloren haben .<\/p>\n<p>Habe ein paar Bilder dazu abgebildet<\/p>\n<p>&nbsp;<\/p>\n<p><u><b>WEITERE BIENENERZEUGNISSE IN MEINEM ANGEBOT\u00a0<\/b><\/u><u><\/u><\/p>\n<p>100ml echte Alpen Propolis Tinktur angenehm im Geschmack ca 40% geringer Alkoholgehalt .<\/p>\n<p>garantiert aus meiner Hobbyimkerei<\/p>\n<p>10ml Alpenpropolis kosten 5\u20ac<\/p>\n<p>20ml. \u201e \u201e 10\u20ac mit Spray<\/p>\n<p>100ml. \u201e. \u201e 30\u20ac mit Spray<\/p>\n<p>100ml \u201e \u201e 25\u20ac mit Tropfer<\/p>\n<p>&nbsp;<\/p>\n<p>\u2764\ufe0f\u2764\ufe0f\u2764\ufe0f\u2764\ufe0f<b>Lieber gesundheitsbewusster Kunde, lassen Sie sich von der momentanen Lage nicht verr\u00fcckt machen.!!!<\/b><\/p>\n<p><b>St\u00e4rken Sie ihr Immunsystem wie immer mit guten und echten Bienenprodukten . Propolis und Honig ist ein uraltes MITTEL\u00a0<\/b>\u2764\ufe0f\u2764\ufe0f\u2764\ufe0f<\/p>\n<p>&nbsp;<\/p>\n<p>Es besteht ein gro\u00dfer Unterschied darin wo die Bienen das Propolis sammeln , ob von intensiven Ackerbau (Pestizide Belastung )Gro\u00dfstadt Umgebung usw. oder aus purer Natur .<\/p>\n<p>&nbsp;<\/p>\n<p>INFO<\/p>\n<p>VORSICHT ES WIRD SO VIEL PROPOLIS IN JEGLICHER FORM VERKAUFT WAS DEN RUF VON ECHTEM PROPOLIS NUR SCH\u00c4DIGT DESHALB MEIN ANGEBOT ALS VERGLEICH UND ZUR INFO.<\/p>\n<p>\u2764\ufe0fBeachte Sie auch meine anderen Propolis Angebote \u2764\ufe0f<\/p>\n<p>ICH GARANTIERE DAS ICH IHNEN KEIN PROPOLIS AUS CHINA UND AUS DEM GROSsHANDEL LIEFERE .<\/p>\n<p>Mitglied im Landesverband Bayrischer Imker E.V.<\/p>\n<p>In jedem Propolis sind Pollen enthalten und dadurch ist auch die Herkunft nachweisbar. In einigen Propolis Angeboten finden Sie kein einziges Pollenkorn<\/p>\n<p>wenn sie Roh-Propolis zu Pulver verarbeiten m\u00f6chten , legen Sie es kurz in das Gefrierfach und zermahlen es mit einem M\u00f6rser oder M\u00fchle .beachten Sie auch bitte das darin enthaltene Propoliswachs und die nur wasserl\u00f6slichen Bioflavonoide .<\/p>\n<p>Achten Sie beim KAUF darauf das keine Trennmittel Johannisbrotkernmehl usw enhalten sind ,womit im Endeffekt nur damit gestreckt wird . Kein Imker wird so etwas anbieten .<\/p>\n<p>Mein Propolis Aus dem Allg\u00e4u,ist fern von Rapsfelder usw ganz frisch und sauber mit dem neuen Propolisgitter geerntet worden , kann auch als Kaupropolis eingenommen werden .<\/p>\n<p>GARANTIERT AUS DEM ALLG\u00c4U NICHT MIT TRENNMITTEL USW.<\/p>\n<p>&nbsp;<\/p>\n<p>Anwendung : was den Mensch hilft ,hilft auch dem Tier .<\/p>\n<p>ferner sehr gute Erfahrungen bei Haustieren usw.<\/p>\n<p>PROPOLIS IST DAS NAT\u00dcRLICHE 3 FACH ANTIBIOTIKUM bei VIREN PILZE UND BAKTERIEN , DER BIENEN.<\/p>\n<p>&nbsp;<\/p>\n<p>.Lieber Propolis Interessent<\/p>\n<p>Mein geerntetes Propolis ist kein X-beliebiges Propolis.<\/p>\n<p>&nbsp;<\/p>\n<p>Warum :<\/p>\n<p>Es stammt aus der Regionen des Allg\u00e4us bis hin aus den Hochgebirgsh\u00f6hen von Oberstdorf \/ Fellhorn, je vielseitiger die Herkunft des Propolis, umso wertvoller die Inhaltsstoffe .<\/p>\n<p>&nbsp;<\/p>\n<p>Leider darf ich \u00fcber das Wundermittel Propolis keine Heilversprechen verraten ,aber wenn Sie sich kritisch in der Literatur ,Wikipedia ,Google usw informieren werden Ihnen die Augen aufgehen .<\/p>\n<p>&nbsp;<\/p>\n<p>\u2764\ufe0fKAUFE NUR BEIM IMKER DEINES VERTRAUENS.\u2764\ufe0f<\/p>\n<p>&nbsp;<\/p>\n<p>Wo stammt mein Propolis her.<\/p>\n<p>Warum?<\/p>\n<p>Es ist ganz wichtig , in welcher Region die Bienen fliegen.<\/p>\n<p>Meine Bienen fliegen in purer Natur , von Juni &#8211; September auf 1600m im Hochalpengebiet des Fellhorns bei Oberstdorf .<\/p>\n<p>Sammeln Honig Perga und Propolis in verschiedenen Regionen des Allg\u00e4us bis aus den Hochgebirgsh\u00f6hen fern jeder Gro\u00dfstadt Industrie ,Ballungsgebieten sowie intensiven Ackerbaus usw. Je sauberer und vielseitiger die Herkunft des Propolis, umso wertvoller die Inhaltsstoffe .<\/p>\n<p>&nbsp;<\/p>\n<p>Propolis oder auch Kittharz genannt, wird abgeleitet von den griechischen W\u00f6rtern<\/p>\n<p>\u201epro\u201c = vor und \u201epolis\u201c = die Stadt. Gemeint ist die Verteidigung der Stadt und<\/p>\n<p>bezeichnet die harzige Substanz, mit der die Bienen unter anderem den Eingang zu<\/p>\n<p>Ihrem Bienenstock zum Schutz gegen Eindringlinge verengen und gl\u00e4tten. Den<\/p>\n<p>keimt\u00f6tenden und antibiotischen Inhaltsstoffen der Propolis verdanken die Bienen das<\/p>\n<p>gesunde Zusammenleben auf engstem Raum, sodass sehr selten Infektionen oder<\/p>\n<p>Seuchen durch Viren, Bakterien oder Pilze ausbrechen.<\/p>\n<p>Da Propolis ein Naturprodukt ist schwankt die Zusammensetzung abh\u00e4ngig von<\/p>\n<p>Pflanzenquelle und Jahreszeit.<\/p>\n<p>&nbsp;<\/p>\n<p>Es besteht aus etwa 150 zum Teil unerforschten unterschiedlichen Substanzen:<\/p>\n<p>50-59% Harz, 5-30% Bienenwachs, 10% fl\u00fcchtige,<\/p>\n<p>\u00e4therische \u00d6le, 8-10% Bl\u00fctenpollen, Vitaminen, Fetts\u00e4uren, Flavonoide, Mineralien<\/p>\n<p>Bioflavonoide ,Spurenelementen, Polysacchariden und fremde Bestandteilen, aus anderen<\/p>\n<p>Bestandteilen des Pollens und weiteren organischen Materialien.<\/p>\n<p>&nbsp;<\/p>\n<p>Aus rechtlichen Gr\u00fcnden werden hier die herausragenden Eigenschaften von Propolis nicht aufgef\u00fchrt.<\/p>\n<p>Bitte im Internet oder in der einschl\u00e4gigen Fach-Literatur nachlesen.<\/p>\n<p>&nbsp;<\/p>\n<p>WEITERE ANGEBOTE AUS MEINER HOBBYIMKEREI .<\/p>\n<p>Echter Alpenrosenhonig ,Waldhonig von der Weisstanne und Hochgebirgsbl\u00fcten-Honig Propolis auf Anfrage.<\/p>\n<p>&nbsp;<\/p>\n<p>\u00dcberweisung und Paypal<\/p>\n<p>&nbsp;<\/p>\n<p>KANN LEIDER KEINE H\u00c4NDLER UND WIEDERVERK\u00c4UFER BEDIENEN , DA MEIN HONIG IMMER NUR BEGRENZT VORR\u00c4TIG IST.<\/p>\n<p>&nbsp;<\/p>\n<p>WISSENTWERTES \u00dcBER BIENENHEILKUNDE<\/p>\n<p>Heutzutage werden verschiedene funktionelle Nahrungsquellen untersucht, um Krankheiten zu vermehren aufgrund sich \u00e4ndernder Lebensbedingungen, N\u00e4hrstoffmangel, Mangelern\u00e4hrung und Proteinmangel.<\/p>\n<p>In einigen L\u00e4ndern werden Insekten als Lebensmittel konsumiert, aufgrund der traditionellen Tendenz und der wachsenden Bev\u00f6lkerung, um die Nahrungsquellen einzusch\u00e4tzen und effektiv zu nutzen. An dieser Klasse nehmen auch Honigbienen und die sehr wertvollen Bienenprodukte teil.<\/p>\n<p>Sie haben eine sch\u00fctzende Wirkung auf die Gesundheit des Menschen.<\/p>\n<p>Infolge der Nachforschungen ergab sich, dass Drohnenlarven (Apilarnil) und Bienenk\u00f6niginnenlarven verzehrt werden k\u00f6nnen und zur Unterst\u00fctzung der medizinischen Behandlung, aufgrund des hohen N\u00e4hrstoffgehalts Transporte.<\/p>\n<p>Wenn zu erwarten ist, dass sowohl Bienenk\u00f6niginnen- als auch Drohnenlarven verzehrt werden und der Gebrauch in der Apitherapie weit verbreitet wird, wird das Bewusstsein f\u00fcr die Gesundheit in der Gesellschaft vermehrt.<\/p>\n<p>Drohnen- und K\u00f6niginlarven spielen Komplement\u00e4re Rolle bei der medizinischen Behandlung verschiedener Gesundheitsprobleme, wie zum Beispiel der Energieversorgung des K\u00f6rpers, regeneriert die Zelle, reguliert die Fortpflanzungsphysiologie und behandelt neurodegenerative St\u00f6rungen.<\/p>\n<p>Zum Schutz der Gesundheit des Menschen und zur Unterst\u00fctzung bei der Behandlung von Krankheiten. Neun von insgesamt 31 in der Studie gefundenen Aminos\u00e4uren wurden als f\u00fcr den menschlichen K\u00f6rper notwendig befunden. Insbesondere Tyrosin ist eine Aminos\u00e4ure, die f\u00fcr die Entwicklung und Aufrechterhaltung eines gesunden und funktionierenden Nervensystems erforderlich ist. Es unterst\u00fctzt den k\u00f6rpereigenen Kampf gegen Stress und st\u00e4rkt das Ged\u00e4chtnis mit kognitiven Funktionen. Insbesondere bei Bienenk\u00f6niginnen war der Tyrosinspiegel etwa doppelt so hoch wie bei Apilarnil.<\/p>\n<p>&nbsp;<\/p>\n<p>Glutamins\u00e4ure, die sehr n\u00fctzlich f\u00fcr den Muskelaufbau, den Schutz, die Wundheilung, die Verringerung von Alkoholabh\u00e4ngigkeit , Demenz, Ersch\u00f6pfung, Depression und Impotenz, die Entwicklung von Intelligenz, die St\u00e4rkung des Immunsystems und die Erh\u00f6hung der Glykogenspeicher ist, ist wirksamer als Apilarnil. Apytische therapeutische K\u00f6niginlarven, Apicoktesey f\u00fcr Immunit\u00e4t, chronische Hepatitis, Schlaganfall, Herzkrankheiten, Muskelkrankheiten.<\/p>\n","protected":false},"featured_media":846,"comment_status":"open","ping_status":"closed","template":"","meta":{"ocean_post_layout":"full-width","ocean_both_sidebars_style":"","ocean_both_sidebars_content_width":0,"ocean_both_sidebars_sidebars_width":0,"ocean_sidebar":"0","ocean_second_sidebar":"0","ocean_disable_margins":"enable","ocean_add_body_class":"","ocean_shortcode_before_top_bar":"","ocean_shortcode_after_top_bar":"","ocean_shortcode_before_header":"","ocean_shortcode_after_header":"","ocean_has_shortcode":"","ocean_shortcode_after_title":"","ocean_shortcode_before_footer_widgets":"","ocean_shortcode_after_footer_widgets":"","ocean_shortcode_before_footer_bottom":"","ocean_shortcode_after_footer_bottom":"","ocean_display_top_bar":"off","ocean_display_header":"default","ocean_header_style":"","ocean_center_header_left_menu":"0","ocean_custom_header_template":"0","ocean_custom_logo":0,"ocean_custom_retina_logo":0,"ocean_custom_logo_max_width":0,"ocean_custom_logo_tablet_max_width":0,"ocean_custom_logo_mobile_max_width":0,"ocean_custom_logo_max_height":0,"ocean_custom_logo_tablet_max_height":0,"ocean_custom_logo_mobile_max_height":0,"ocean_header_custom_menu":"0","ocean_menu_typo_font_family":"0","ocean_menu_typo_font_subset":"","ocean_menu_typo_font_size":0,"ocean_menu_typo_font_size_tablet":0,"ocean_menu_typo_font_size_mobile":0,"ocean_menu_typo_font_size_unit":"px","ocean_menu_typo_font_weight":"","ocean_menu_typo_font_weight_tablet":"","ocean_menu_typo_font_weight_mobile":"","ocean_menu_typo_transform":"","ocean_menu_typo_transform_tablet":"","ocean_menu_typo_transform_mobile":"","ocean_menu_typo_line_height":0,"ocean_menu_typo_line_height_tablet":0,"ocean_menu_typo_line_height_mobile":0,"ocean_menu_typo_line_height_unit":"","ocean_menu_typo_spacing":0,"ocean_menu_typo_spacing_tablet":0,"ocean_menu_typo_spacing_mobile":0,"ocean_menu_typo_spacing_unit":"","ocean_menu_link_color":"","ocean_menu_link_color_hover":"","ocean_menu_link_color_active":"","ocean_menu_link_background":"","ocean_menu_link_hover_background":"","ocean_menu_link_active_background":"","ocean_menu_social_links_bg":"","ocean_menu_social_hover_links_bg":"","ocean_menu_social_links_color":"","ocean_menu_social_hover_links_color":"","ocean_disable_title":"default","ocean_disable_heading":"default","ocean_post_title":"","ocean_post_subheading":"","ocean_post_title_style":"","ocean_post_title_background_color":"","ocean_post_title_background":0,"ocean_post_title_bg_image_position":"","ocean_post_title_bg_image_attachment":"","ocean_post_title_bg_image_repeat":"","ocean_post_title_bg_image_size":"","ocean_post_title_height":0,"ocean_post_title_bg_overlay":0.5,"ocean_post_title_bg_overlay_color":"","ocean_disable_breadcrumbs":"default","ocean_breadcrumbs_color":"","ocean_breadcrumbs_separator_color":"","ocean_breadcrumbs_links_color":"","ocean_breadcrumbs_links_hover_color":"","ocean_display_footer_widgets":"default","ocean_display_footer_bottom":"default","ocean_custom_footer_template":"0"},"product_brand":[],"product_cat":[51],"product_tag":[],"class_list":{"0":"post-479","1":"product","2":"type-product","3":"status-publish","4":"has-post-thumbnail","6":"product_cat-propolis","8":"entry","9":"has-media","11":"first","12":"instock","13":"shipping-taxable","14":"purchasable","15":"product-type-simple","16":"has-product-nav","17":"col","18":"span_1_of_4","19":"owp-content-center","20":"owp-thumbs-layout-horizontal","21":"owp-btn-normal","22":"owp-tabs-layout-horizontal","23":"has-no-thumbnails"},"aioseo_notices":[],"_links":{"self":[{"href":"https:\/\/xn--allguer-alpenhonig-propolis-ekc.com\/index.php?rest_route=\/wp\/v2\/product\/479","targetHints":{"allow":["GET"]}}],"collection":[{"href":"https:\/\/xn--allguer-alpenhonig-propolis-ekc.com\/index.php?rest_route=\/wp\/v2\/product"}],"about":[{"href":"https:\/\/xn--allguer-alpenhonig-propolis-ekc.com\/index.php?rest_route=\/wp\/v2\/types\/product"}],"replies":[{"embeddable":true,"href":"https:\/\/xn--allguer-alpenhonig-propolis-ekc.com\/index.php?rest_route=%2Fwp%2Fv2%2Fcomments&post=479"}],"wp:featuredmedia":[{"embeddable":true,"href":"https:\/\/xn--allguer-alpenhonig-propolis-ekc.com\/index.php?rest_route=\/wp\/v2\/media\/846"}],"wp:attachment":[{"href":"https:\/\/xn--allguer-alpenhonig-propolis-ekc.com\/index.php?rest_route=%2Fwp%2Fv2%2Fmedia&parent=479"}],"wp:term":[{"taxonomy":"product_brand","embeddable":true,"href":"https:\/\/xn--allguer-alpenhonig-propolis-ekc.com\/index.php?rest_route=%2Fwp%2Fv2%2Fproduct_brand&post=479"},{"taxonomy":"product_cat","embeddable":true,"href":"https:\/\/xn--allguer-alpenhonig-propolis-ekc.com\/index.php?rest_route=%2Fwp%2Fv2%2Fproduct_cat&post=479"},{"taxonomy":"product_tag","embeddable":true,"href":"https:\/\/xn--allguer-alpenhonig-propolis-ekc.com\/index.php?rest_route=%2Fwp%2Fv2%2Fproduct_tag&post=479"}],"curies":[{"name":"wp","href":"https:\/\/api.w.org\/{rel}","templated":true}]}}